    {"id":7174,"date":"2024-03-13T22:21:01","date_gmt":"2024-03-13T21:21:01","guid":{"rendered":"https:\/\/alphagym.mx\/home\/memopv10\/public_html\/alphagym.mx\/?page_id=7174"},"modified":"2024-03-19T10:09:07","modified_gmt":"2024-03-19T17:09:07","slug":"aviso-de-privacidad","status":"publish","type":"page","link":"https:\/\/alphagym.mx\/?page_id=7174","title":{"rendered":"AVISO DE PRIVACIDAD"},"content":{"rendered":"\t\t<div data-elementor-type=\"wp-page\" data-elementor-id=\"7174\" class=\"elementor elementor-7174\" data-elementor-post-type=\"page\">\n\t\t\t\t<div class=\"elementor-element elementor-element-0cfc36d e-flex e-con-boxed e-con e-parent\" data-id=\"0cfc36d\" data-element_type=\"container\" data-settings=\"{&quot;container_type&quot;:&quot;flex&quot;,&quot;content_width&quot;:&quot;boxed&quot;}\" data-core-v316-plus=\"true\">\n\t\t\t\t\t<div class=\"e-con-inner\">\n\t\t\t\t\t<\/div>\n\t\t\t\t<\/div>\n\t\t<div class=\"elementor-element elementor-element-7955cd6 e-flex e-con-boxed e-con e-parent\" data-id=\"7955cd6\" data-element_type=\"container\" data-settings=\"{&quot;container_type&quot;:&quot;flex&quot;,&quot;content_width&quot;:&quot;boxed&quot;}\" data-core-v316-plus=\"true\">\n\t\t\t\t\t<div class=\"e-con-inner\">\n\t\t\t\t\t<\/div>\n\t\t\t\t<\/div>\n\t\t<div class=\"elementor-element elementor-element-240a64a e-flex e-con-boxed e-con e-parent\" data-id=\"240a64a\" data-element_type=\"container\" data-settings=\"{&quot;container_type&quot;:&quot;flex&quot;,&quot;content_width&quot;:&quot;boxed&quot;}\" data-core-v316-plus=\"true\">\n\t\t\t\t\t<div class=\"e-con-inner\">\n\t\t\t\t<div class=\"elementor-element elementor-element-a38a0bb elementor-widget elementor-widget-heading\" data-id=\"a38a0bb\" data-element_type=\"widget\" data-widget_type=\"heading.default\">\n\t\t\t\t<div class=\"elementor-widget-container\">\n\t\t\t<style>\/*! elementor - v3.19.0 - 28-02-2024 *\/\n.elementor-heading-title{padding:0;margin:0;line-height:1}.elementor-widget-heading .elementor-heading-title[class*=elementor-size-]>a{color:inherit;font-size:inherit;line-height:inherit}.elementor-widget-heading .elementor-heading-title.elementor-size-small{font-size:15px}.elementor-widget-heading .elementor-heading-title.elementor-size-medium{font-size:19px}.elementor-widget-heading .elementor-heading-title.elementor-size-large{font-size:29px}.elementor-widget-heading .elementor-heading-title.elementor-size-xl{font-size:39px}.elementor-widget-heading .elementor-heading-title.elementor-size-xxl{font-size:59px}<\/style><h2 class=\"elementor-heading-title elementor-size-default\">AVISO DE PRIVACIDAD<\/h2>\t\t<\/div>\n\t\t\t\t<\/div>\n\t\t\t\t\t<\/div>\n\t\t\t\t<\/div>\n\t\t<div class=\"elementor-element elementor-element-0cc73be e-flex e-con-boxed e-con e-parent\" data-id=\"0cc73be\" data-element_type=\"container\" data-settings=\"{&quot;container_type&quot;:&quot;flex&quot;,&quot;content_width&quot;:&quot;boxed&quot;}\" data-core-v316-plus=\"true\">\n\t\t\t\t\t<div class=\"e-con-inner\">\n\t\t\t\t<div class=\"elementor-element elementor-element-ad710f2 elementor-widget elementor-widget-text-editor\" data-id=\"ad710f2\" data-element_type=\"widget\" id=\"avisopriv\" data-widget_type=\"text-editor.default\">\n\t\t\t\t<div class=\"elementor-widget-container\">\n\t\t\t<style>\/*! elementor - v3.19.0 - 28-02-2024 *\/\n.elementor-widget-text-editor.elementor-drop-cap-view-stacked .elementor-drop-cap{background-color:#69727d;color:#fff}.elementor-widget-text-editor.elementor-drop-cap-view-framed .elementor-drop-cap{color:#69727d;border:3px solid;background-color:transparent}.elementor-widget-text-editor:not(.elementor-drop-cap-view-default) .elementor-drop-cap{margin-top:8px}.elementor-widget-text-editor:not(.elementor-drop-cap-view-default) .elementor-drop-cap-letter{width:1em;height:1em}.elementor-widget-text-editor .elementor-drop-cap{float:left;text-align:center;line-height:1;font-size:50px}.elementor-widget-text-editor .elementor-drop-cap-letter{display:inline-block}<\/style>\t\t\t\t<p><span style=\"color: #ffffff;\">ESTIMADO USUARIO, en Alpha Gym y su representante legal. estamos conscientes de la importancia de proteger correctamente los datos personales de nuestros Usuarios, es por ello y en congruencia con lo establecido en la Ley Federal de Protecci\u00f3n de Datos Personales en Posesi\u00f3n de los Particulares (LFPDPPP), que Alpha Gym, con domicilio en Carretera Internacional M\u00e9xico 15, Colonia Santa Virginia CP 82157, en su calidad de responsable, pone a su disposici\u00f3n el siguiente Aviso de Privacidad, a fin de que tenga pleno conocimiento sobre el tratamiento que se le dar\u00e1 a sus datos personales, as\u00ed como facilitarle el ejercicio de los derechos que la LFPDPPP le otorga.<\/span><\/p><p><span style=\"color: #ffffff;\"><strong>1.- Datos Personales tratados.<\/strong><\/span><\/p><p><span style=\"color: #ffffff;\">Los datos personales que recopilamos de nuestros Usuarios e Invitados son: nombre completo, domicilio, tel\u00e9fonos de contacto y\/o contacto de emergencia, CURP, g\u00e9nero, correo electr\u00f3nico y fecha de nacimiento. Asimismo, en el caso de que el Usuario opte por contratar los servicios prestados por Alpha Gym, se recopilar\u00e1 la informaci\u00f3n referente a la cuenta bancaria, tarjeta de cr\u00e9dito o tarjeta de d\u00e9bito que el Usuario proporcione para tal efecto, as\u00ed como su RFC, su huella dactilar, imagen y v\u00eddeo de los usuarios que ingresan a las instalaciones y una fotograf\u00eda para las finalidades se\u00f1aladas en el siguiente numeral.<\/span><\/p><p><span style=\"color: #ffffff;\">Cabe mencionar que todos los datos personales antes rese\u00f1ados son indispensables para que Alpha Gym pueda brindarle a sus Usuarios los servicios contratados, por lo que, en caso de no aceptar el uso de los mismos para los fines establecidos en el primer p\u00e1rrafo del numeral 2 del presente Aviso de Privacidad, Alpha Gym se ver\u00e1 imposibilitada para prestar los servicios ofrecidos. Asimismo, en virtud del car\u00e1cter necesario de los datos mencionados, para poder prestar dichos servicios, el Usuario declara que es de su conocimiento que en caso de revocaci\u00f3n del consentimiento o del ejercicio del derecho de cancelaci\u00f3n u oposici\u00f3n para el tratamiento de dichos datos, tendr\u00e1 lugar, necesariamente, la rescisi\u00f3n del contrato de prestaci\u00f3n de servicios que tenga celebrado con Alpha Gym, sin responsabilidad para este \u00faltimo.<\/span><\/p><p><span style=\"color: #ffffff;\">Trataremos aquellos datos personales y documentos de identificaci\u00f3n oficial de menores de edad, proporcionados por padres y\/o tutores, con el consentimiento de estos \u00faltimos en todos los casos. Los padres y\/o tutores podr\u00e1n ejercer en todo momento los derechos ARCO (Acceso, Rectificaci\u00f3n, Cancelaci\u00f3n y Oposici\u00f3n) o revocar el consentimiento para el tratamiento de los datos personales de menores de edad que hubiesen proporcionado para cualquier finalidad relacionada con el plan adquirido o con las actividades de los diversos centros del Responsable siempre y cuando; se acredite que cuenta con las facultades para actuar en calidad de padre, madre o tutor del menor.<\/span><\/p><p><span style=\"color: #ffffff;\">Finalmente, para garantizar que las actividades de acondicionamiento f\u00edsico que realice en las instalaciones de Alpha Gym sean las adecuadas a su estado de salud, se podr\u00eda llegar a recabar informaci\u00f3n m\u00e9dica de car\u00e1cter general, a partir de las particularidades presentadas por cada Usuario, as\u00ed como una carta de diagn\u00f3stico cl\u00ednico en caso de requerirse.<\/span><\/p><p><span style=\"color: #ffffff;\"><strong>2.- Finalidades del tratamiento<\/strong><\/span><\/p><p><span style=\"color: #ffffff;\">Sus datos personales son utilizados (tratados) para las siguientes finalidades: (i) suscripci\u00f3n del contrato de servicios, (ii) identificaci\u00f3n y verificaci\u00f3n del registro f\u00edsico y\/o electr\u00f3nico; (iii) contacto a trav\u00e9s de distintos medios; entre ellos v\u00eda telef\u00f3nica, chat (WhatsApp), redes sociales y otros; (iv) identificaci\u00f3n al momento de acceso a las instalaciones; (v) facturaci\u00f3n de los servicios contratados; (vi) para el correcto manejo de alguna situaci\u00f3n de emergencia que requiera de la informaci\u00f3n con que cuenta Alpha Gym sobre su estado de salud; (vii) para hacerle recomendaciones sobre el acondicionamiento f\u00edsico que resulte id\u00f3neo a partir de su estado de salud; y (viii) hacer uso de la aplicaci\u00f3n m\u00f3vil y otros servicios digitales previamente contratados.<\/span><\/p><p><span style=\"color: #ffffff;\">Asimismo, sus datos personales ser\u00e1n utilizados para las siguientes finalidades comerciales y de promoci\u00f3n: (i) para enviarle informaci\u00f3n relativa a nuestros productos o servicios, (ii) realizar encuestas sobre la calidad de nuestros servicios; (iii) Para hacerle llegar ofertas y promociones y (iv) Promoci\u00f3n de sorteos, eventos, concursos y trivias organizados por Alpha Gym.<\/span><\/p><p><span style=\"color: #ffffff;\">En caso de que usted no desee que sus datos personales sean tratados para las finalidades comerciales y de promoci\u00f3n antes descritas, usted podr\u00e1 contactarnos en cualquier momento, para limitar dicho tratamiento, a trav\u00e9s de nuestro correo electr\u00f3nico servicioaclientes@alphagym.com.mx o directamente en nuestras oficinas ubicadas en Carretera Internacional M\u00e9xico 15, Colonia Santa Virginia CP 82157.<\/span><\/p><p><span style=\"color: #ffffff;\">El usuario proporcionar\u00e1 datos p\u00fablicos de contacto de una tercera persona, misma que ante cualquier caso de emergencia podr\u00e1 ser contactado para la atenci\u00f3n oportuna a cualquier incidente dentro de las instalaciones. En ese sentido, el usuario manifiesta bajo protesta de decir verdad que ha instruido y autorizado por este tercero para proporcionarnos su informaci\u00f3n y que cuenta con su consentimiento para que Alpha Gym trate sus datos de conformidad con la finalidad antes mencionada.<\/span><\/p><p><span style=\"color: #ffffff;\"><strong>3.- Mecanismos de Seguridad<\/strong><\/span><\/p><p><span style=\"color: #ffffff;\">Para garantizar el correcto resguardo de sus datos personales y para dar pleno cumplimiento a las obligaciones que la LFPDPPP establece en la materia, se le informa Alpha Gym tiene implementadas las medidas de seguridad administrativas, t\u00e9cnicas y f\u00edsicas necesarias y suficientes para la correcta protecci\u00f3n de los datos.<\/span><\/p><p><span style=\"color: #ffffff;\"><strong>4.- Ejercicio de derechos ARCO (Acceso, Rectificaci\u00f3n, Cancelaci\u00f3n y Oposici\u00f3n)<\/strong><\/span><\/p><p><span style=\"color: #ffffff;\">Usted puede ejercer ante Alpha Gym, en cualquier momento, sus derechos de Acceso, Rectificaci\u00f3n, Cancelaci\u00f3n y\/o Oposici\u00f3n al tratamiento de sus datos personales mediante solicitud por escrito que deber\u00e1 ser enviada directamente a nuestras oficinas ubicadas en Carretera Internacional M\u00e9xico 15, Colonia Santa Virginia CP 82157, Mazatl\u00e1n Sinaloa y\/o al correo electr\u00f3nico <a style=\"color: #ffffff;\" href=\"mailto:servicioaclientes@alphagym.com.mx\">servicioaclientes@alphagym.com.mx<\/a> \u00a0incluyendo por lo menos: (a) nombre y domicilio u otro medio para comunicarle la respuesta a su solicitud; (b) los documentos que acrediten su identidad o, en su caso, la representaci\u00f3n legal; (c) la descripci\u00f3n clara y precisa de los datos personales respecto de los que se solicita ejercer alguno de los derechos ARCO, (d) la manifestaci\u00f3n expresa del derecho (acceso, rectificaci\u00f3n, cancelaci\u00f3n u oposici\u00f3n) que quiere ejercer sobre tratamiento de sus datos personales; (e) n\u00famero de matr\u00edcula y copia de contrato para identificaci\u00f3n en el sistema; f) cualquier otro elemento que facilite la localizaci\u00f3n de los datos personales.<\/span><\/p><p><span style=\"color: #ffffff;\"><strong>5.- Transferencias<\/strong><\/span><\/p><p><span style=\"color: #ffffff;\">Alpha Gym podr\u00e1 transferir sus datos personales para las finalidades comerciales y de promoci\u00f3n descritas en el punto 2 del presente Aviso de Privacidad.<\/span><\/p><p><span style=\"color: #ffffff;\">En ning\u00fan caso Alpha Gym transferir\u00e1 los datos personales de sus Usuarios a un tercero, diferente a las descritas en el punto anterior, sin el consentimiento previo de los titulares de los mismos salvo en casos donde se requiere la prestaci\u00f3n de asistencia m\u00e9dica por emergencia, por lo que se proporcionar\u00e1n los datos personales sensibles que Alpha Gym posea para la atenci\u00f3n a la emergencia por los proveedores de asistencia m\u00e9dica y\/o personal designado para tal efecto.<\/span><\/p><p><span style=\"color: #ffffff;\"><strong>6.- Cambios al Aviso de Privacidad<\/strong><\/span><\/p><p><span style=\"color: #ffffff;\">Alpha Gym se reserva el derecho de cambiar o extender el contenido del presente Aviso de Privacidad en cualquier momento. En caso de que exista alg\u00fan cambio en este Aviso de Privacidad, se le comunicar\u00e1 a trav\u00e9s de nuestro portal de Internet\u00a0 www.alphagym.mx<\/span><\/p><p><span style=\"color: #ffffff;\"><strong>7.- Consentimiento para el tratamiento<\/strong><\/span><\/p><p><span style=\"color: #ffffff;\">Por medio del presente documento consiento el tratamiento de mis datos personales para las finalidades que me han sido informadas por parte Alpha Gym a trav\u00e9s del presente Aviso de Privacidad:<\/span><\/p>\t\t\t\t\t\t<\/div>\n\t\t\t\t<\/div>\n\t\t\t\t\t<\/div>\n\t\t\t\t<\/div>\n\t\t\t\t<\/div>\n\t\t","protected":false},"excerpt":{"rendered":"<p>AVISO DE PRIVACIDAD ESTIMADO USUARIO, en Alpha Gym y su representante legal. estamos conscientes de la importancia de proteger correctamente los datos personales de nuestros Usuarios, es por ello y en congruencia con lo establecido en la Ley Federal de Protecci\u00f3n de Datos Personales en Posesi\u00f3n de los Particulares (LFPDPPP), que Alpha Gym, con domicilio [&hellip;]<\/p>\n","protected":false},"author":2,"featured_media":0,"parent":0,"menu_order":0,"comment_status":"closed","ping_status":"closed","template":"","meta":{"footnotes":""},"_links":{"self":[{"href":"https:\/\/alphagym.mx\/index.php?rest_route=\/wp\/v2\/pages\/7174"}],"collection":[{"href":"https:\/\/alphagym.mx\/index.php?rest_route=\/wp\/v2\/pages"}],"about":[{"href":"https:\/\/alphagym.mx\/index.php?rest_route=\/wp\/v2\/types\/page"}],"author":[{"embeddable":true,"href":"https:\/\/alphagym.mx\/index.php?rest_route=\/wp\/v2\/users\/2"}],"replies":[{"embeddable":true,"href":"https:\/\/alphagym.mx\/index.php?rest_route=%2Fwp%2Fv2%2Fcomments&post=7174"}],"version-history":[{"count":10,"href":"https:\/\/alphagym.mx\/index.php?rest_route=\/wp\/v2\/pages\/7174\/revisions"}],"predecessor-version":[{"id":7379,"href":"https:\/\/alphagym.mx\/index.php?rest_route=\/wp\/v2\/pages\/7174\/revisions\/7379"}],"wp:attachment":[{"href":"https:\/\/alphagym.mx\/index.php?rest_route=%2Fwp%2Fv2%2Fmedia&parent=7174"}],"curies":[{"name":"wp","href":"https:\/\/api.w.org\/{rel}","templated":true}]}}